c).
4
Let k = -108 - -143. Suppose 44*w - k*w - 27 = 0. Let a(t) = -t**2 + 4*t. What is a(w)?
3
Let g(t) be the second derivative of t**3/6 - 338*t. Give g(1).
1
Let v(m) = -2*m - 3. Suppose 470 = 5*t + 5*g, t + 5*g - g - 88 = 0. Suppose 5*y = 2*j - 48, -t = -j - 3*j - 4*y. Let s = -31 + j. Determine v(s).
11
Let z(j) = -4*j**3 + 25*j**2 - 14*j - 25. Let l(o) = o**3 - 8*o**2 + 5*o + 8. Let p(w) = -7*l(w) - 2*z(w). Let d = -1568 + 1561. What is p(d)?
-6
Let x = -999 - -991. Let h(t) = -t + 21. Calculate h(x).
29
Let q(g) be the second derivative of -g**5/20 + 7*g**4/12 - g**3/6 - g**2/2 + 1722*g. What is q(5)?
44
Let g(n) be the second derivative of n**3/6 - 63*n**2/2 - 89*n - 15. What is g(48)?
-15
Let i(h) = -6*h**2 - 3*h - 2 + 8*h + 10 - h - 2*h - h**3. Give i(-4).
-32
Let v(g) = g**3 - 5*g**2 + 3*g + 1. Suppose -1350 = -22*z - 7598. Let m = -281 - z. Calculate v(m).
-8
Let z(l) = 4*l - 20. Let f be z(6). Let c be -6*(f - 0 - 2). Let o(h) = h**2 + 12*h + 4. Give o(c).
4
Let o(b) = -b**2 + 2*b - 2. Let l(z) = -2*z**3 - 9*z**2 - 6*z - 9. Let f be l(-4). Let x(w) = 5*w**2 - 15*w + 11. Let h(k) = f*x(k) - 3*o(k). Calculate h(5).
-10
Let i(d) be the second derivative of 0 + 0*d**4 + 1/3*d**3 + 3/40*d**5 - 5*d + 0*d**2. Let f(t) be the second derivative of i(t). Give f(-1).
-9
Let v(j) be the second derivative of j**3/6 - 3*j**2 - j. Suppose -4 = -17*b - 140. Let w be 54/(-12)*b/6. Determine v(w).
0
Suppose -2*j + 276 = 4*v + 42, -3*v = -5*j + 559. Let t = j + -58. Suppose -10*y + t = y. Let m(g) = -g**3 + 6*g**2 - 3*g + 2. What is m(y)?
12
Let v(l) = -6 - 18 + 26 - 3 - 2*l**2 + 20*l - 5. Determine v(9).
12
Let p(z) = z**3 - 5*z**2 - 6*z - 2. Let l = 1141 - 1145. Let t(f) = 0 + 2*f**3 + 2 - f**3 + 5*f**2 + 3*f. Let w be t(l). Determine p(w).
-2
Let f(k) = 30*k - 19. Let h = 32965 - 32963. Calculate f(h).
41
Suppose m + 4*k + 24 = -0*k, 12 = 4*m - 2*k. Let h(p) = 2*p**3 + p**2 - 2. Calculate h(m).
-2
Let d(h) = -8*h - 1. Suppose 0 = -4*r - 20, 4*r - 2 + 26 = 4*f. Let i be 4/(-10)*(-9 - f). Suppose 16*s = 12*s - i. Determine d(s).
7
Let u(c) = -2*c**2 + 10*c - 10. Let k be (-320)/(-70) - (-6)/14. Let p be u(k). Let o(n) = 2*n + 18. Let s be o(p). Let v(x) = -x + 2. Calculate v(s).
4
Let k(v) = -341*v + 687*v + 8 + v**2 - 339*v - 30. What is k(-9)?
-4
Let l(t) = -t**3 - t**2 + t - 4. Suppose -47*h + 45 = -49. Let v be 4*6/3 + -3. Suppose 0 = -2*z - h*z + v*z. What is l(z)?
-4
Let g = -22 + 24. Suppose -3*z = -4*y - 28, -4*y - 5 - 3 = g*z. Let i(m) be the second derivative of m**5/20 + m**4/4 - m**3/3 + 3*m**2/2 + 132*m. Give i(y).
-5
Suppose -83 + 111 = 14*d. Let o(i) = -2*i**3 + 3*i**2 + 6*i - 12. Determine o(d).
-4
Suppose 3 = -38*h + 39*h. Let d(u) = -3 - 5*u + h*u + u + 0*u - u. Calculate d(8).
-19
Let j(s) = s**3 + 5*s**2 - 6*s - 2. Let f be j(-6). Suppose 4*w = 9*w - 1265. Let b(p) = p - 249 + p**2 + 501 - w. Calculate b(f).
1
Let a be (75/(-3) - 3)/(2 - 3). Suppose 0 = 5*k - 3*k - a. Let j be 1*((-4)/k + (-22)/(-77)). Let v(f) = f**3 - f**2 - f + 11. What is v(j)?
11
Let y = -1082 + 1116. Let k(g) = 10*g - y*g + 1 + 11*g + 17*g. Let n = 1 + 0. Determine k(n).
5
Let a(c) = 134*c - 139*c + 4 - 4 - 1. Give a(6).
-31
Let q = 116 + -113. Suppose 0 = -5*f - 4*d - 382 + 24, -2*d + 206 = -q*f. Let o = f + 68. Let r(x) = -9*x**2 - 4*x - 2. Determine r(o).
-30
Let g(u) be the third derivative of -1/6*u**4 - 14*u**2 + 1/3*u**3 + 0*u + 1/12*u**5 + 0. Give g(2).
14
Let n(z) be the third derivative of -z**7/2520 - z**6/45 - 19*z**5/120 - 26*z**4/3 + 66*z**2 + 2*z. Let k(x) be the second derivative of n(x). Give k(-15).
-4
Let w = 110 + -315. Let l = w + 213. Let m(v) = 0*v + v - 3 + 1. Determine m(l).
6
Let x(b) = 11*b**3 - 37*b**2 + 14*b + 41. Let w(m) = 5*m**3 - 18*m**2 + 5*m + 20. Let n(g) = -13*w(g) + 6*x(g). Determine n(-9).
58
Let r(g) = -89*g - 9. Let l(q) = 77*q + 7. Let k(u) = 5*l(u) + 4*r(u). Calculate k(3).
86
Let r = 45 - 50. Let j(z) = -3*z**2 + 5*z + 6. Let y(c) = 5*c**2 - 7*c - 9. Let o(h) = 8*j(h) + 5*y(h). What is o(r)?
3
Let a(o) = 391*o**2 + 4*o**3 - 3*o**3 + 22*o - 84 - 346*o**2 + 62*o + 0*o**3. Determine a(-43).
2
Let c = 0 - -6. Suppose 2*f - 3*n = c*f - 32, -1 = -f + n. Let h(o) = 2*o + 8. Let g(x) = -3*x - 8. Let z(b) = 3*g(b) + 4*h(b). Determine z(f).
3
Let f(r) = -r**3 - 6*r**2 - 5*r - 8. Suppose 5*i - 5*p = 0, 13*p - 12 = -5*i + 14*p. Suppose 10 = 2*s + i*s, -2*a = s + 10. What is f(a)?
22
Let k(i) = -i**2 + 5*i - 2. Let n be ((-36)/(-45))/(3/(-90)). Let q(r) = 5*r + 125. Let v be q(n). Determine k(v).
-2
Let w(q) be the third derivative of -q**6/120 - q**5/10 - q**4/24 + 2*q**3/3 - 76*q**2 + 4. Give w(-5).
-16
Let o = 17 - 203/12. Let n(z) be the second derivative of -o*z**4 - 14*z - 1/20*z**5 + 0 - 1/2*z**2 - 1/2*z**3. Calculate n(-2).
9
Let s(u) = 55*u + 19 - 44*u + 8 - 28 + 7. What is s(4)?
50
Let h(r) be the second derivative of -r**4/12 + r**3/6 + 7*r**2/2 + 2*r + 1905. Let s(g) = 2*g + 14. Let l be s(-7). Calculate h(l).
7
Let f(b) be the third derivative of b**6/60 + 3*b**5/20 + b**4/8 + b**3 - b**2 + 125. Give f(-4).
10
Let t = -167 + 181. Let k(w) = 8*w + t*w**2 - 10 + 2*w**2 - 8*w**2 - 7*w**2. Calculate k(-7).
-17
Let q be 7*(-23)/(437/57). Let v(b) = -b**2 - 22*b - 29. What is v(q)?
-8
Suppose 0 = -4*m - 0 + 4. Let w(l) = 3*l - 3*l**2 + l + m + 2*l**2. Let d = -14730 + 14737. Determine w(d).
-20
Let x(b) = -7*b**2 - 3*b + 5. Let r(t) = -2*t**2 + t + 1. Suppose -12 = 11*y - 1. Let j(q) = y*x(q) + 4*r(q). Suppose 0 = -4*d + d + 18. Calculate j(d).
5
Let d(f) = -f**3 + 4*f**2 - 5*f + 8. Suppose -24*t - 57*t - 13 + 337 = 0. Determine d(t).
-12
Let w(d) = -2*d - 14. Let p(o) = -o**3 + 5*o**2 + 5*o + 3. Let s be p(6). Let u(b) = 3*b + 15. Let i = 4408 - 4412. Let m(g) = i*w(g) + s*u(g). Give m(6).
5
Let b(z) = -z**2 + 3*z + 5. Let q(a) = a**2 - 11*a + 31. Let c be (-32)/(-3)*(-6)/(-8). Let i be q(c). Calculate b(i).
-23
Let j(w) = -w**2 - 3*w + 17. Let k(y) = 2*y**2 + 6*y - 33. Suppose -10*s + 121 = s. Let z(x) = s*j(x) + 6*k(x). Calculate z(-6).
7
Let l(k) = -232*k - k**2 + 7 - 276*k + 516*k. Give l(8).
7
Let i(y) be the third derivative of y**5/60 + 7*y**4/4 + 167*y**3/6 - 3*y**2 + 21. Determine i(-5).
-18
Let g(s) = -s**2 - s + 14. Let o(y) = 2*y**2 + 13*y - 39. Let u(n) = -3*g(n) - o(n). What is u(17)?
116
Suppose -4*l + 3*l = 5. Let n(u) = -u**3 - u**2 - u - 2. Let q = -95 + 94. Let g(z) = 4*z**3 + 7*z**2 + 1. Let p(c) = q*g(c) - 3*n(c). Calculate p(l).
15
Let q(n) = -n**2 - 6*n + 2. Suppose 12*w = 10*w - 6. Let o be (1/w)/((40/(-165))/8). Suppose 3*i + o + 7 = 0. What is q(i)?
2
Let g(t) be the first derivative of -11*t**3/3 + 22*t**2 + 6*t - 1562. Determine g(4).
6
Let o(w) = -11*w**2 - 35*w + 5. Let f(b) = 7*b**2 + 21*b - 5. Let i(t) = 3*f(t) + 2*o(t). Let j(r) = r**2 - 6*r - 4. Let d be j(6). Determine i(d).
7
Suppose 5*m = -10, 3*r - 2*m = 12 - 5. Suppose -3*x + 14 = -2*l, -3*x - r = 5*l - 8. Let t(s) be the third derivative of s**5/60 - 7*s**2. Give t(l).
1
Suppose 31*l - 6 - 25 = -0. Let t(d) = 7*d**2 - 3*d + 1. Determine t(l).
5
Let b(g) = 2*g**2 - 8*g + 8. Suppose -632*r + 189 = -605*r. Calculate b(r).
50
Suppose -15*i - 2290 = -13420. Let c(k) = i + 7*k**2 - k**3 + 745 - 1492. Give c(7).
-5
Let l(w) = 17*w + 200. Suppose 615 = -75*c + 118 - 403. What is l(c)?
-4
Let q(f) be the third derivative of f**6/40 + f**5/30 - f**4/24 - 8*f**2. Let a be q(1). Let l(b) = -4 + a + 3 + 2*b. Calculate l(-2).
-1
Suppose 190 = 53*m - 2778. Suppose -m = -41*s + 48*s. Let h(k) = -k**2 - 9*k - 1. Give h(s).
7
Let t be 0/(-1)*4*(-4)/48. Let c be 1*(-2)/2*1*t. Let x(u) be the second derivative of -u**5/20 + u**4/12 + u**3/6 - 6*u**2 - u. Calculate x(c).
-12
Let y(n) = -3*n**2 + 3*n + 3. Suppose 10*j - 369 + 329 = 0. Give y(j).
-33
Let m(y) = y**3 + 7*y**2 + 5*y - 5. Let w be m(-6). Let l = 4 - w. Let h(k) be the first derivative of k**3/3 - 3*k**2/2 - 3*k + 12742. What is h(l)?
-3
Let m(w) = 149 - 37 - 34 - 10*w - 51. Give m(0).
27
Let f = 100 + -97. Suppose -3*m + f = -9. Let o(n) = n**2 + 3 + m + 4. Calculate o(0).
11
Let s(n) = -6*n**3 + n**2 + n - 1. Let z(g) = -g - 2. Let p(c) = 4*c + 141. Let r(k) = p(k) - 2*z(k). Let o be r(-24). Give s(o).
-5
Let o(n) = 22*n**2 + n**3 + 589*n + 570*n - 1179*n + 6. What is o(-23)?
-63
